greatest common divisor of 965 and 83569?
193
Calculate the highest common factor of 125 and 110125.
125
What is the highest common factor of 1244 and 70286?
622
What is the greatest common factor of 44 and 2827?
11
What is the highest common factor of 605 and 28325?
55
What is the highest common factor of 1132112 and 11764?
692
Calculate the highest common divisor of 2117 and 1711.
29
Calculate the highest common divisor of 530112 and 1716.
132
Calculate the highest common divisor of 25 and 3111925.
25
Calculate the greatest common divisor of 2020 and 12780.
20
What is the greatest common divisor of 352 and 14652?
44
Calculate the greatest common factor of 10 and 1003430.
10
What is the greatest common factor of 464 and 406696?
232
What is the greatest common factor of 24778 and 11986?
26
Calculate the greatest common factor of 19280 and 104080.
80
What is the highest common divisor of 2624 and 970060?
164
Calculate the greatest common factor of 4182496 and 160.
32
What is the greatest common divisor of 2739 and 9?
3
Calculate the greatest common divisor of 1104 and 6164.
92
What is the highest common divisor of 135 and 103005?
135
What is the greatest common factor of 102 and 181220?
34
What is the greatest common divisor of 19753312 and 212?
212
Calculate the greatest common factor of 15 and 35155.
5
Calculate the highest common divisor of 19158 and 4532.
206
Calculate the greatest common divisor of 21 and 3192.
21
What is the greatest common factor of 423 and 1670850?
423
Calculate the greatest common factor of 160067 and 59.
59
What is the greatest common divisor of 10304 and 854?
14
What is the highest common divisor of 8180 and 105522?
818
Calculate the greatest common divisor of 2782057 and 2967.
989
What is the highest common factor of 2 and 224486?
2
What is the highest common factor of 93667 and 49?
7
What is the highest common factor of 15234 and 3?
3
What is the greatest common factor of 68992 and 33418?
1078
What is the highest common factor of 136161 and 21?
3
Calculate the greatest common factor of 330 and 6534.
66
What is the greatest common divisor of 229068 and 5670?
1134
Calculate the highest common factor of 3250 and 4498.
26
Calculate the highest common divisor of 77329 and 35.
7
Calculate the highest common factor of 7943 and 188.
47
Calculate the highest common factor of 9 and 12681.
9
Calculate the highest common factor of 468 and 2613.
39
What is the highest common factor of 8 and 4451?
1
What is the highest common factor of 66 and 65010?
66
Calculate the greatest common factor of 289682 and 9640.
482
What is the highest common divisor of 2605 and 985?
5
Calculate the greatest common divisor of 1546430 and 30.
10
What is the highest common factor of 16735 and 10?
5
What is the highest common factor of 2403 and 36747?
27
Calculate the highest common divisor of 902 and 11161799.
451
Calculate the greatest common factor of 1342 and 1159.
61
Calculate the highest common divisor of 714 and 3108.
42
Calculate the highest common factor of 24 and 75288.
24
Calculate the greatest common factor of 2896 and 2053626.
362
Calculate the greatest common divisor of 35 and 353185.
35
What is the greatest common divisor of 137 and 806656?
137
Calculate the highest common divisor of 224276 and 3952.
988
Calculate the greatest common divisor of 10450 and 768550.
950
Calculate the greatest common factor of 16 and 587804.
4
Calculate the highest common divisor of 60 and 7570.
10
Calculate the highest common factor of 3443 and 53523.
313
Calculate the greatest common factor of 16005 and 440.
55
Calculate the highest common divisor of 23405 and 7399.
151
What is the greatest common divisor of 504 and 136?
8
What is the greatest common divisor of 1012 and 171281?
253
Calculate the greatest common factor of 17 and 390337.
17
What is the highest common factor of 948571 and 262?
131
What is the highest common divisor of 49486 and 35866?
454
Calculate the highest common factor of 2542 and 3844.
62
Calculate the highest common factor of 440 and 29205.
55
Calculate the highest common factor of 14 and 2288174.
14
What is the greatest common divisor of 2537 and 129?
43
What is the greatest common factor of 341620 and 232?
116
Calculate the greatest common divisor of 30612 and 48.
12
What is the greatest common divisor of 2104 and 45499?
263
What is the greatest common divisor of 27434 and 484?
22
Calculate the highest common divisor of 208485 and 33210.
1845
Calculate the greatest common factor of 198419 and 13.
13
What is the highest common divisor of 47855 and 10?
5
What is the highest common divisor of 424 and 5576?
8
What is the greatest common factor of 121580 and 80?
20
Calculate the highest common divisor of 3451 and 6545.
119
What is the highest common factor of 670 and 1030?
10
What is the highest common divisor of 216 and 144216?
72
Calculate the highest common factor of 51 and 278358.
51
Calculate the highest common factor of 2106 and 44469.
81
Calculate the highest common divisor of 2734 and 6.
2
Calculate the greatest common divisor of 684243 and 14.
7
Calculate the highest common divisor of 408 and 713932.
68
What is the highest common factor of 9 and 1450?
1
What is the greatest common divisor of 687508 and 4?
4
Calculate the highest common divisor of 1392 and 123105.
87
Calculate the greatest common divisor of 2 and 558933.
1
Calculate the greatest common divisor of 334680 and 144.
24
Calculate the greatest common factor of 2240 and 19145.
35
Calculate the highest common factor of 6123551 and 413.
413
Calculate the highest common divisor of 757472 and 32.
32
What is the highest common factor of 56 and 8792?
56
Calculate the highest common factor of 6642 and 161352.
162
Calculate the highest common factor of 1156 and 323.
17
What is the greatest common factor of 3164512 and 26?
26
Calculate the highest common divisor of 1036 and 4844.
28
Calculate the greatest common divisor of 8317699 and 1933.
1933
Calculate the highest common divisor of 3270 and 170.
10
Calculate the greatest common factor of 2 and 3681152.
2
Calculate the highest common factor of 1241844 and 12428.
956
What is the greatest common factor of 6324 and 36924?
204
What is the greatest common factor of 6764 and 171?
19
What is the highest common factor of 1317966 and 351?
39
What is the greatest common divisor of 496 and 3875?
31
What is the highest common divisor of 2014 and 11912810?
2014
What is the highest common divisor of 49320 and 36?
36
What is the greatest common divisor of 1855 and 1235059?
371
What is the highest common factor of 63 and 357039?
9
Calculate the greatest common divisor of 11568 and 1112456.
1928
Calculate the highest common divisor of 157620 and 120.
60
Calculate the greatest common divisor of 1840 and 189920.
80
Calculate the highest common divisor of 2825 and 9605.
565
Calculate the highest common factor of 35792 and 160.
16
Calculate the highest common divisor of 17538 and 188178.
474
Calculate the highest common divisor of 16 and 1335768.
8
What is the highest common factor of 2808 and 1509?
3
Calculate the greatest common divisor of 1166568 and 39.
39
What is the highest common factor of 1024 and 852736?
256
What is the highest common divisor of 1485873 and 3?
3
What is the greatest common divisor of 320 and 5680?
80
What is the greatest common factor of 41454 and 1128?
282
Calculate the highest common factor of 2519618 and 62.
62
Calculate the greatest common factor of 4284 and 131964.
84
What is the highest common factor of 1464 and 3583506?
366
Calculate the highest common factor of 561 and 6324.
51
What is the greatest common divisor of 21527 and 209?
209
Calculate the greatest common factor of 122373 and 144.
9
Calculate the highest common divisor of 205 and 1662755.
205
Calculate the greatest common factor of 1 and 94345.
1
Calculate the highest common divisor of 42 and 413126.
14
Calculate the greatest common factor of 505 and 245935.
505
What is the greatest common divisor of 908 and 120991?
227
What is the highest common factor of 137643 and 33?
33
Calculate the greatest common factor of 73 and 3776217.
73
What is the highest common divisor of 589 and 209?
19
What is the greatest common divisor of 18 and 15156?
18
Calculate th